{"id":341,"date":"2026-04-29T10:49:29","date_gmt":"2026-04-29T08:49:29","guid":{"rendered":"https:\/\/www.diocesicassanoalloionio.it\/evangelizzazione\/?page_id=341"},"modified":"2026-04-29T10:49:29","modified_gmt":"2026-04-29T08:49:29","slug":"apostolato-biblico","status":"publish","type":"page","link":"https:\/\/www.diocesicassanoalloionio.it\/evangelizzazione\/apostolato-biblico\/","title":{"rendered":"Apostolato Biblico"},"content":{"rendered":"<div id=\"pl-341\"  class=\"panel-layout\" ><div id=\"pg-341-0\"  class=\"panel-grid panel-has-style\" ><div class=\"panel-row-style panel-row-style-for-341-0\" ><div id=\"pgc-341-0-0\"  class=\"panel-grid-cell\" ><div id=\"panel-341-0-0-0\" class=\"so-panel widget widget_sow-editor panel-first-child panel-last-child\" data-index=\"0\" ><div\n\t\t\t\n\t\t\tclass=\"so-widget-sow-editor so-widget-sow-editor-base\"\n\t\t\t\n\t\t>\n<div class=\"siteorigin-widget-tinymce textwidget\">\n\t<p>&nbsp;<\/p>\n<p><span dir=\"auto\" style=\"vertical-align: inherit\"><span dir=\"auto\" style=\"vertical-align: inherit\">Responsabile: Diacono permanente don Antonio PAIELLA<\/span><\/span><\/p>\n<\/div>\n<\/div><\/div><\/div><div id=\"pgc-341-0-1\"  class=\"panel-grid-cell panel-grid-cell-empty\" ><\/div><div id=\"pgc-341-0-2\"  class=\"panel-grid-cell panel-grid-cell-empty panel-grid-cell-mobile-last\" ><\/div><div id=\"pgc-341-0-3\"  class=\"panel-grid-cell panel-grid-cell-empty\" ><\/div><\/div><\/div><div id=\"pg-341-1\"  class=\"panel-grid panel-no-style\" ><div id=\"pgc-341-1-0\"  class=\"panel-grid-cell panel-grid-cell-empty\" ><\/div><\/div><div id=\"pg-341-2\"  class=\"panel-grid panel-has-style\" ><div class=\"panel-row-style panel-row-style-for-341-2\" ><div id=\"pgc-341-2-0\"  class=\"panel-grid-cell panel-grid-cell-empty\" ><div class=\"panel-cell-style panel-cell-style-for-341-2-0\" ><\/div><\/div><div id=\"pgc-341-2-1\"  class=\"panel-grid-cell\" ><div id=\"panel-341-2-1-0\" class=\"so-panel widget widget_siteorigin-panels-builder panel-first-child panel-last-child\" data-index=\"1\" ><div id=\"pl-w69e9fd1c77453\"  class=\"panel-layout\" ><div id=\"pg-w69e9fd1c77453-0\"  class=\"panel-grid panel-no-style\" ><div id=\"pgc-w69e9fd1c77453-0-0\"  class=\"panel-grid-cell\" ><div id=\"panel-w69e9fd1c77453-0-0-0\" class=\"so-panel widget widget_sow-blog panel-first-child panel-last-child\" data-index=\"0\" ><div\n\t\t\t\n\t\t\tclass=\"so-widget-sow-blog so-widget-sow-blog-masonry-edd53586d625\"\n\t\t\t\n\t\t>\t\t<div\n\t\tclass=\"sow-blog sow-blog-layout-masonry\"\n\t\tdata-template=\"masonry\"\n\t\tdata-settings=\"{&quot;columns&quot;:2,&quot;featured_image&quot;:true,&quot;featured_image_empty&quot;:true,&quot;featured_image_size&quot;:&quot;full&quot;,&quot;featured_image_size_width&quot;:&quot;&quot;,&quot;featured_image_size_height&quot;:&quot;&quot;,&quot;tag&quot;:&quot;h2&quot;,&quot;content&quot;:&quot;excerpt&quot;,&quot;read_more&quot;:true,&quot;excerpt_length&quot;:55,&quot;date&quot;:true,&quot;author&quot;:true,&quot;filter_categories&quot;:true,&quot;categories&quot;:true,&quot;comment_count&quot;:true,&quot;so_field_container_state&quot;:&quot;open&quot;,&quot;tags&quot;:&quot;&quot;,&quot;template&quot;:&quot;masonry&quot;}\"\n\t\tdata-paged=\"1\"\n\t\tdata-paging-id=\"edd53586d625\"\n\t\tdata-total-pages=\"1\"\n\t\tdata-hash=\"729dc5a8\"\n\t>\n\t\t\n\t\t\t\t\t\t\t<div class=\"sow-blog-posts\">\n\t\t\t\t<article id=\"post-290\" class=\"sow-masonry-item post-290 post type-post status-publish format-standard has-post-thumbnail hentry category-news category-settore-bibblico\">\n\t\t\t\t\t<div class=\"sow-entry-thumbnail\">\n\t\t\t\t\t\t\t\t\t\t<a href=\"https:\/\/www.diocesicassanoalloionio.it\/evangelizzazione\/giornata-della-parola\/\">\n\t\t\t\t\t\t<img loading=\"lazy\" decoding=\"async\" width=\"1131\" height=\"979\" src=\"https:\/\/www.diocesicassanoalloionio.it\/evangelizzazione\/wp-content\/uploads\/sites\/5\/2026\/01\/anteprima-sito.jpg\" class=\"attachment-full size-full wp-post-image\" alt=\"\" srcset=\"https:\/\/www.diocesicassanoalloionio.it\/evangelizzazione\/wp-content\/uploads\/sites\/5\/2026\/01\/anteprima-sito.jpg 1131w, https:\/\/www.diocesicassanoalloionio.it\/evangelizzazione\/wp-content\/uploads\/sites\/5\/2026\/01\/anteprima-sito-300x260.jpg 300w, https:\/\/www.diocesicassanoalloionio.it\/evangelizzazione\/wp-content\/uploads\/sites\/5\/2026\/01\/anteprima-sito-1024x886.jpg 1024w, https:\/\/www.diocesicassanoalloionio.it\/evangelizzazione\/wp-content\/uploads\/sites\/5\/2026\/01\/anteprima-sito-768x665.jpg 768w\" sizes=\"(max-width: 1131px) 100vw, 1131px\" \/><span style=\"display:none;\" class=\"bso_caption\"><\/span>\t\t\t\t\t<\/a>\n\t\t\t\t<\/div>\n\t\t\t\t\t<div class=\"sow-blog-content-wrapper\" style=\"padding: 25px 30px 33px;\">\n\t\t<header class=\"sow-entry-header\">\n\t\t\t<h2 class=\"sow-entry-title\" style=\"margin: 0 0 5px;\"><a href=\"https:\/\/www.diocesicassanoalloionio.it\/evangelizzazione\/giornata-della-parola\/\" rel=\"bookmark\">Giornata della Parola e del Catechista<\/a><\/h2>\t\t\t<div class=\"sow-entry-meta\">\n\t\t\t\t\t\t\t<span class=\"sow-entry-date\">\n\t\t\t\t<a href=\"https:\/\/www.diocesicassanoalloionio.it\/evangelizzazione\/giornata-della-parola\/\" rel=\"bookmark\">\n\t\t\t\t\t<time class=\"published\" datetime=\"2026-01-14T17:11:23+01:00\">\n\t\t\t\t\t\t14 Gennaio 2026\t\t\t\t\t<\/time>\n\t\t\t\t\t<time class=\"updated\" datetime=\"2026-04-23T13:01:10+02:00\">\n\t\t\t\t\t\t23 Aprile 2026\t\t\t\t\t<\/time>\n\t\t\t\t<\/a>\n\t\t\t<\/span>\n\t\t\n\t\t\t\t\t<span class=\"sow-entry-author-link byline\">\n\t\t\t\t\t\t\t\t\t<span class=\"sow-author author vcard\">\n\t\t\t\t\t\t<a class=\"url fn n\" href=\"\" rel=\"author\">\n\t\t\t\t\t\t\t\t\t\t\t\t\t<\/a>\n\t\t\t\t\t<\/span>\n\t\t\t\t\t\t\t<\/span>\n\t\t\n\t\t\t\t\t<span class=\"sow-entry-categories\">\n\t\t\t\t<a href=\"https:\/\/www.diocesicassanoalloionio.it\/evangelizzazione\/category\/news\/\" rel=\"category tag\">news<\/a>, <a href=\"https:\/\/www.diocesicassanoalloionio.it\/evangelizzazione\/category\/settore-bibblico\/\" rel=\"category tag\">Settore Biblico<\/a>\t\t\t<\/span>\n\t\t\n\t\t\n\t\t\t\t\t<\/div>\n\t\t<\/header>\n\n\t\t\t\t\t<div\n\t\t\t\tclass=\"sow-entry-content\"\n\t\t\t\tstyle=\"margin-top: 20px;\"\n\t\t\t>\n\t\t\t\t<p>La Diocesi di Cassano all\u2019Jonio, guidata da S.E. Rev.ma Mons. Francesco Savino, Vescovo e vice presidente della CEI, si prepara a vivere un importante momento di comunione e riflessione ecclesiale con la VII Giornata del Catechista e la VII Domenica della Parola di Dio. L\u2019appuntamento, che coinvolger\u00e0 catechisti e comunit\u00e0 diocesana, sar\u00e0 ispirato dal tema...<a class=\"sow-more-link more-link excerpt\" href=\"https:\/\/www.diocesicassanoalloionio.it\/evangelizzazione\/giornata-della-parola\/\">\n\t\t\tContinue reading<span class=\"sow-more-link-arrow\">&rarr;<\/span><\/a><\/p>\t\t\t<\/div>\n\t\t\t\t<\/div>\n<\/article>\n<article id=\"post-284\" class=\"sow-masonry-item post-284 post type-post status-publish format-standard has-post-thumbnail hentry category-news category-settore-bibblico\">\n\t\t\t\t\t<div class=\"sow-entry-thumbnail\">\n\t\t\t\t\t\t\t\t\t\t<a href=\"https:\/\/www.diocesicassanoalloionio.it\/evangelizzazione\/quattro-lectio-dal-titolo-generativi-nella-fede\/\">\n\t\t\t\t\t\t<img loading=\"lazy\" decoding=\"async\" width=\"1131\" height=\"1600\" src=\"https:\/\/www.diocesicassanoalloionio.it\/evangelizzazione\/wp-content\/uploads\/sites\/5\/2025\/12\/WhatsApp-Image-2025-12-16-at-12.14.12.jpeg\" class=\"attachment-full size-full wp-post-image\" alt=\"\" srcset=\"https:\/\/www.diocesicassanoalloionio.it\/evangelizzazione\/wp-content\/uploads\/sites\/5\/2025\/12\/WhatsApp-Image-2025-12-16-at-12.14.12.jpeg 1131w, https:\/\/www.diocesicassanoalloionio.it\/evangelizzazione\/wp-content\/uploads\/sites\/5\/2025\/12\/WhatsApp-Image-2025-12-16-at-12.14.12-212x300.jpeg 212w, https:\/\/www.diocesicassanoalloionio.it\/evangelizzazione\/wp-content\/uploads\/sites\/5\/2025\/12\/WhatsApp-Image-2025-12-16-at-12.14.12-724x1024.jpeg 724w, https:\/\/www.diocesicassanoalloionio.it\/evangelizzazione\/wp-content\/uploads\/sites\/5\/2025\/12\/WhatsApp-Image-2025-12-16-at-12.14.12-768x1086.jpeg 768w, https:\/\/www.diocesicassanoalloionio.it\/evangelizzazione\/wp-content\/uploads\/sites\/5\/2025\/12\/WhatsApp-Image-2025-12-16-at-12.14.12-1086x1536.jpeg 1086w\" sizes=\"(max-width: 1131px) 100vw, 1131px\" \/><span style=\"display:none;\" class=\"bso_caption\"><\/span>\t\t\t\t\t<\/a>\n\t\t\t\t<\/div>\n\t\t\t\t\t<div class=\"sow-blog-content-wrapper\" style=\"padding: 25px 30px 33px;\">\n\t\t<header class=\"sow-entry-header\">\n\t\t\t<h2 class=\"sow-entry-title\" style=\"margin: 0 0 5px;\"><a href=\"https:\/\/www.diocesicassanoalloionio.it\/evangelizzazione\/quattro-lectio-dal-titolo-generativi-nella-fede\/\" rel=\"bookmark\">Quattro lectio dal titolo &#8220;Generativi nella Fede&#8221;<\/a><\/h2>\t\t\t<div class=\"sow-entry-meta\">\n\t\t\t\t\t\t\t<span class=\"sow-entry-date\">\n\t\t\t\t<a href=\"https:\/\/www.diocesicassanoalloionio.it\/evangelizzazione\/quattro-lectio-dal-titolo-generativi-nella-fede\/\" rel=\"bookmark\">\n\t\t\t\t\t<time class=\"published\" datetime=\"2025-12-29T21:25:37+01:00\">\n\t\t\t\t\t\t29 Dicembre 2025\t\t\t\t\t<\/time>\n\t\t\t\t\t<time class=\"updated\" datetime=\"2025-12-29T21:27:26+01:00\">\n\t\t\t\t\t\t29 Dicembre 2025\t\t\t\t\t<\/time>\n\t\t\t\t<\/a>\n\t\t\t<\/span>\n\t\t\n\t\t\t\t\t<span class=\"sow-entry-author-link byline\">\n\t\t\t\t\t\t\t\t\t<span class=\"sow-author author vcard\">\n\t\t\t\t\t\t<a class=\"url fn n\" href=\"\" rel=\"author\">\n\t\t\t\t\t\t\t\t\t\t\t\t\t<\/a>\n\t\t\t\t\t<\/span>\n\t\t\t\t\t\t\t<\/span>\n\t\t\n\t\t\t\t\t<span class=\"sow-entry-categories\">\n\t\t\t\t<a href=\"https:\/\/www.diocesicassanoalloionio.it\/evangelizzazione\/category\/news\/\" rel=\"category tag\">news<\/a>, <a href=\"https:\/\/www.diocesicassanoalloionio.it\/evangelizzazione\/category\/settore-bibblico\/\" rel=\"category tag\">Settore Biblico<\/a>\t\t\t<\/span>\n\t\t\n\t\t\n\t\t\t\t\t<\/div>\n\t\t<\/header>\n\n\t\t\t\t\t<div\n\t\t\t\tclass=\"sow-entry-content\"\n\t\t\t\tstyle=\"margin-top: 20px;\"\n\t\t\t>\n\t\t\t\t<p>\u201cGenerativi nella fede\u201d \u00e8 il titolo del ciclo di quattro lectio che si terranno a partire dal 20 febbraio presso la parrocchia Stella Maris di Villapiana scalo. L\u2019iniziativa si propone come un cammino di riflessione comunitaria sul tema della generativit\u00e0, letto e approfondito alla luce della Parola di Dio. Attraverso l\u2019ascolto delle Scritture e la...<a class=\"sow-more-link more-link excerpt\" href=\"https:\/\/www.diocesicassanoalloionio.it\/evangelizzazione\/quattro-lectio-dal-titolo-generativi-nella-fede\/\">\n\t\t\tContinue reading<span class=\"sow-more-link-arrow\">&rarr;<\/span><\/a><\/p>\t\t\t<\/div>\n\t\t\t\t<\/div>\n<\/article>\n\t\t\t<\/div>\n\t\t\t\t\t\t\t\t<\/div>\n\t<\/div><\/div><\/div><\/div><\/div><\/div><\/div><div id=\"pgc-341-2-2\"  class=\"panel-grid-cell panel-grid-cell-empty\" ><\/div><div id=\"pgc-341-2-3\"  class=\"panel-grid-cell\" ><div class=\"panel-cell-style panel-cell-style-for-341-2-3\" ><div id=\"panel-341-2-3-0\" class=\"so-panel widget widget_sow-image panel-first-child\" data-index=\"2\" ><div\n\t\t\t\n\t\t\tclass=\"so-widget-sow-image so-widget-sow-image-default-8b5b6f678277-284\"\n\t\t\t\n\t\t>\n\n<div class=\"sow-image-container\">\n\t\t\t<a href=\"https:\/\/www.diocesicassanoalloionio.it\/evangelizzazione\/linee-guida-e-finalita\/\"\n\t\t\ttarget=\"_blank\" rel=\"noopener noreferrer\" \t\t>\n\t\t\t<img loading=\"lazy\" decoding=\"async\" src=\"https:\/\/www.diocesicassanoalloionio.it\/evangelizzazione\/wp-content\/uploads\/sites\/5\/2026\/04\/Apotolato-Biblico-Diocesano-1.jpg\" width=\"330\" height=\"108\" srcset=\"https:\/\/www.diocesicassanoalloionio.it\/evangelizzazione\/wp-content\/uploads\/sites\/5\/2026\/04\/Apotolato-Biblico-Diocesano-1.jpg 330w, https:\/\/www.diocesicassanoalloionio.it\/evangelizzazione\/wp-content\/uploads\/sites\/5\/2026\/04\/Apotolato-Biblico-Diocesano-1-300x98.jpg 300w\" sizes=\"(max-width: 330px) 100vw, 330px\" title=\"Apotolato Biblico Diocesano (1)\" alt=\"\" \t\tclass=\"so-widget-image\"\/>\n\t<\/a><\/div>\n\n<\/div><\/div><div id=\"panel-341-2-3-1\" class=\"so-panel widget widget_sow-image\" data-index=\"3\" ><div\n\t\t\t\n\t\t\tclass=\"so-widget-sow-image so-widget-sow-image-default-8b5b6f678277-284\"\n\t\t\t\n\t\t>\n\n<div class=\"sow-image-container\">\n\t\t\t<a href=\"https:\/\/www.youtube.com\/playlist?list=PLDErvHvgsKOk_Oj3uX9ocKTscCQZ0ovHM\"\n\t\t\ttarget=\"_blank\" rel=\"noopener noreferrer\" \t\t>\n\t\t\t<img loading=\"lazy\" decoding=\"async\" src=\"https:\/\/www.diocesicassanoalloionio.it\/evangelizzazione\/wp-content\/uploads\/sites\/5\/2026\/04\/Apotolato-Biblico-Diocesano.jpg\" width=\"330\" height=\"108\" srcset=\"https:\/\/www.diocesicassanoalloionio.it\/evangelizzazione\/wp-content\/uploads\/sites\/5\/2026\/04\/Apotolato-Biblico-Diocesano.jpg 330w, https:\/\/www.diocesicassanoalloionio.it\/evangelizzazione\/wp-content\/uploads\/sites\/5\/2026\/04\/Apotolato-Biblico-Diocesano-300x98.jpg 300w\" sizes=\"(max-width: 330px) 100vw, 330px\" title=\"Apotolato Biblico Diocesano\" alt=\"\" \t\tclass=\"so-widget-image\"\/>\n\t<\/a><\/div>\n\n<\/div><\/div><div id=\"panel-341-2-3-2\" class=\"so-panel widget widget_sow-image\" data-index=\"4\" ><div\n\t\t\t\n\t\t\tclass=\"so-widget-sow-image so-widget-sow-image-default-8b5b6f678277-284\"\n\t\t\t\n\t\t>\n\n<div class=\"sow-image-container\">\n\t\t\t<a href=\"https:\/\/www.youtube.com\/playlist?list=PLDErvHvgsKOk_Oj3uX9ocKTscCQZ0ovHM\"\n\t\t\ttarget=\"_blank\" rel=\"noopener noreferrer\" \t\t>\n\t\t\t<img loading=\"lazy\" decoding=\"async\" src=\"https:\/\/www.diocesicassanoalloionio.it\/evangelizzazione\/wp-content\/uploads\/sites\/5\/2026\/04\/Apotolato-Biblico-Diocesano-2.jpg\" width=\"330\" height=\"108\" srcset=\"https:\/\/www.diocesicassanoalloionio.it\/evangelizzazione\/wp-content\/uploads\/sites\/5\/2026\/04\/Apotolato-Biblico-Diocesano-2.jpg 330w, https:\/\/www.diocesicassanoalloionio.it\/evangelizzazione\/wp-content\/uploads\/sites\/5\/2026\/04\/Apotolato-Biblico-Diocesano-2-300x98.jpg 300w\" sizes=\"(max-width: 330px) 100vw, 330px\" title=\"Apotolato Biblico Diocesano (2)\" alt=\"\" \t\tclass=\"so-widget-image\"\/>\n\t<\/a><\/div>\n\n<\/div><\/div><div id=\"panel-341-2-3-3\" class=\"so-panel widget widget_sow-image\" data-index=\"5\" ><div\n\t\t\t\n\t\t\tclass=\"so-widget-sow-image so-widget-sow-image-default-8b5b6f678277-284\"\n\t\t\t\n\t\t>\n\n<div class=\"sow-image-container\">\n\t\t\t<a href=\"https:\/\/www.youtube.com\/playlist?list=PLDErvHvgsKOk_Oj3uX9ocKTscCQZ0ovHM\"\n\t\t\ttarget=\"_blank\" rel=\"noopener noreferrer\" \t\t>\n\t\t\t<img loading=\"lazy\" decoding=\"async\" src=\"https:\/\/www.diocesicassanoalloionio.it\/evangelizzazione\/wp-content\/uploads\/sites\/5\/2026\/04\/Apotolato-Biblico-Diocesano-3.jpg\" width=\"330\" height=\"108\" srcset=\"https:\/\/www.diocesicassanoalloionio.it\/evangelizzazione\/wp-content\/uploads\/sites\/5\/2026\/04\/Apotolato-Biblico-Diocesano-3.jpg 330w, https:\/\/www.diocesicassanoalloionio.it\/evangelizzazione\/wp-content\/uploads\/sites\/5\/2026\/04\/Apotolato-Biblico-Diocesano-3-300x98.jpg 300w\" sizes=\"(max-width: 330px) 100vw, 330px\" title=\"Apotolato Biblico Diocesano (3)\" alt=\"\" \t\tclass=\"so-widget-image\"\/>\n\t<\/a><\/div>\n\n<\/div><\/div><div id=\"panel-341-2-3-4\" class=\"so-panel widget widget_sow-image\" data-index=\"6\" ><div\n\t\t\t\n\t\t\tclass=\"so-widget-sow-image so-widget-sow-image-default-8b5b6f678277-284\"\n\t\t\t\n\t\t>\n\n<div class=\"sow-image-container\">\n\t\t\t<a href=\"https:\/\/catechistico.chiesacattolica.it\/category\/settori\/apostolato-biblico\/?cci_cat=364\"\n\t\t\ttarget=\"_blank\" rel=\"noopener noreferrer\" \t\t>\n\t\t\t<img loading=\"lazy\" decoding=\"async\" src=\"https:\/\/www.diocesicassanoalloionio.it\/evangelizzazione\/wp-content\/uploads\/sites\/5\/2026\/04\/Apotolato-Biblico-Diocesano-4.jpg\" width=\"330\" height=\"108\" srcset=\"https:\/\/www.diocesicassanoalloionio.it\/evangelizzazione\/wp-content\/uploads\/sites\/5\/2026\/04\/Apotolato-Biblico-Diocesano-4.jpg 330w, https:\/\/www.diocesicassanoalloionio.it\/evangelizzazione\/wp-content\/uploads\/sites\/5\/2026\/04\/Apotolato-Biblico-Diocesano-4-300x98.jpg 300w\" sizes=\"(max-width: 330px) 100vw, 330px\" title=\"Apotolato Biblico Diocesano (4)\" alt=\"\" \t\tclass=\"so-widget-image\"\/>\n\t<\/a><\/div>\n\n<\/div><\/div><div id=\"panel-341-2-3-5\" class=\"so-panel widget widget_sow-image panel-last-child\" data-index=\"7\" ><div\n\t\t\t\n\t\t\tclass=\"so-widget-sow-image so-widget-sow-image-default-8b5b6f678277-284\"\n\t\t\t\n\t\t>\n\n<div class=\"sow-image-container\">\n\t\t\t<a href=\"https:\/\/www.bibbiaedu.it\/\"\n\t\t\ttarget=\"_blank\" rel=\"noopener noreferrer\" \t\t>\n\t\t\t<img loading=\"lazy\" decoding=\"async\" src=\"https:\/\/www.diocesicassanoalloionio.it\/evangelizzazione\/wp-content\/uploads\/sites\/5\/2026\/04\/bibbia.jpg\" width=\"330\" height=\"108\" srcset=\"https:\/\/www.diocesicassanoalloionio.it\/evangelizzazione\/wp-content\/uploads\/sites\/5\/2026\/04\/bibbia.jpg 330w, https:\/\/www.diocesicassanoalloionio.it\/evangelizzazione\/wp-content\/uploads\/sites\/5\/2026\/04\/bibbia-300x98.jpg 300w\" sizes=\"(max-width: 330px) 100vw, 330px\" alt=\"\" \t\tclass=\"so-widget-image\"\/>\n\t<\/a><\/div>\n\n<\/div><\/div><\/div><\/div><\/div><\/div><div id=\"pg-341-3\"  class=\"panel-grid panel-no-style\" ><div id=\"pgc-341-3-0\"  class=\"panel-grid-cell panel-grid-cell-empty\" ><\/div><\/div><\/div>","protected":false},"excerpt":{"rendered":"<p>&nbsp; Responsabile: Diacono permanente don Antonio PAIELLA<\/p>\n","protected":false},"author":0,"featured_media":0,"parent":0,"menu_order":0,"comment_status":"closed","ping_status":"closed","template":"","meta":{"_acf_changed":false,"footnotes":""},"acf":{"seed-localization-paese-cod":"","seed-localization-address":"","seed-localization-citta":"","seed-localization-regione-cod-istat":"","seed-localization-citta-cod-istat":"","seed-localization-localita":"","seed-localization-cap":"","seed-localization-geo":{"lat":41.9053433,"lng":12.5093079,"zoom":10,"markers":[],"address":"","layers":["OpenStreetMap.Mapnik"],"version":"1.5.6"},"seed-localization-marker-visibility":false,"seed-localization-children-visibility":false,"seed-localization-kml":"","seed-localization-custom-marker":""},"_links":{"self":[{"href":"https:\/\/www.diocesicassanoalloionio.it\/evangelizzazione\/wp-json\/wp\/v2\/pages\/341"}],"collection":[{"href":"https:\/\/www.diocesicassanoalloionio.it\/evangelizzazione\/wp-json\/wp\/v2\/pages"}],"about":[{"href":"https:\/\/www.diocesicassanoalloionio.it\/evangelizzazione\/wp-json\/wp\/v2\/types\/page"}],"author":[{"embeddable":true,"href":"https:\/\/www.diocesicassanoalloionio.it\/evangelizzazione\/wp-json\/wp\/v2\/users\/8"}],"replies":[{"embeddable":true,"href":"https:\/\/www.diocesicassanoalloionio.it\/evangelizzazione\/wp-json\/wp\/v2\/comments?post=341"}],"version-history":[{"count":30,"href":"https:\/\/www.diocesicassanoalloionio.it\/evangelizzazione\/wp-json\/wp\/v2\/pages\/341\/revisions"}],"predecessor-version":[{"id":439,"href":"https:\/\/www.diocesicassanoalloionio.it\/evangelizzazione\/wp-json\/wp\/v2\/pages\/341\/revisions\/439"}],"wp:attachment":[{"href":"https:\/\/www.diocesicassanoalloionio.it\/evangelizzazione\/wp-json\/wp\/v2\/media?parent=341"}],"curies":[{"name":"wp","href":"https:\/\/api.w.org\/{rel}","templated":true}]}}